= 5321*u. What is the tens digit of u?
2
Let d = -17415 - -30099. What is the units digit of d?
4
Suppose 0 = -35*w + 234815 + 128800. What is the units digit of w?
9
Suppose -36 = 2*u - 6. Let g be 235*(39/u + 3). Suppose -g = -3*r + 2*j, 3*j = 5*r - r - 127. What is the units digit of r?
8
Suppose 4*n + 12 = 0, 0 = -4*c - 2*n + 24 - 6. Let y be 11/((3 - 0)/c). Suppose 28 + y = t. What is the tens digit of t?
5
Suppose -s = -x - 3*s + 649, 3*s = x - 629. Let g = x + 498. What is the units digit of g?
9
Let g = 18999 - 8876. What is the ten thousands digit of g?
1
Let g be (-40)/25 - (-2)/(-5) - 5. Let m(x) = -x**3 + 7*x**2 + 10*x - 30. What is the tens digit of m(g)?
8
Let h be ((-2)/(-3))/((-3)/(-18)). Suppose -5*c - h = 1. Let r(l) = 50*l**2 + 2*l + 1. What is the units digit of r(c)?
9
Suppose -25*w = -5*u - 28*w + 51146, u - 10222 = 3*w. What is the ten thousands digit of u?
1
Let j(s) = 6*s**2 - 4*s**2 + 2357 + 10*s - 1807. What is the hundreds digit of j(0)?
5
Let i be ((-162)/(-15) - -2)*15. Suppose -3*k - i = -3*l, 5*k - 2*k = 15. Let u = 9 + l. What is the units digit of u?
8
Let h = 379 - 379. Suppose 2*i - 5*t = 764, -20*t + 15*t - 10 = h. What is the units digit of i?
7
What is the units digit of (-35)/5 + 257*15?
8
Suppose 0 = 5*u + o + 3*o - 4221, 5*o - 840 = -u. Let t = u + -418. Suppose 2*l - 9*l = -t. What is the tens digit of l?
6
What is the hundreds digit of -166*6066/(-84) + 15/35?
9
Suppose 2*h = -2*h + j - 19, h - 5*j = 19. Let l be (-50)/h - 2/(-3). What is the units digit of l/(3/1 + (-30)/12)?
8
Let m(p) = p**3 + 18*p**2 + 18. Let y be m(-18). What is the hundreds digit of 453/2*((-60)/y - -4)?
1
Let w be 48/(-20)*(-55)/33. Suppose 5*x + 1477 = 4*j - 0*x, -w*x - 746 = -2*j. What is the tens digit of j?
6
Suppose -2*x = -5*t - 62, -4*t - 3 - 5 = 0. What is the units digit of x/(-143) + -4*(-639)/22?
6
Let y(d) = -70 + 11*d**3 - 6*d**3 + 11*d + 19*d**2 - 4*d**3. What is the hundreds digit of y(-16)?
5
Let u be (3/2)/(90/(-300)). What is the units digit of 6 + -5 + 0 + (-5950)/u?
1
Let o be 2 + -1 + (-3 - 1) - 7. Let s be ((-10494)/o)/3 + (-5)/(-25). Suppose j - v = 3*j - s, 3*v - 874 = -5*j. What is the units digit of j?
6
What is the units digit of (47916/16)/(2/8)?
9
Suppose 0 = -184*y + 174*y + 40. Suppose -4*u - 8*c + 15 = -5*c, -c = y*u - 21. What is the units digit of u?
6
Let m be ((-12)/5)/12 - 62/(-10). Suppose m*y = -15*y + 28455. What is the hundreds digit of y?
3
What is the units digit of ((-3)/1)/(494942/(-98980) - -5) + 3?
3
Let m(f) = 9846*f**3 + 8*f**2 - f - 4. What is the tens digit of m(1)?
4
Suppose -5*t + 150 + 430 = 0. Suppose -t = 5*n - 156. What is the units digit of (42/8 + 3)/(1/n)?
6
Let p(z) = -2*z**3 - 5*z**2 - 4*z - 6. Let x be p(-3). Suppose -7*f = -2*f - x. Suppose 4*c = 2*l - 346, -l - 2*c + 171 = -f*c. What is the units digit of l?
9
Suppose 1975222 = 57*w - 1607816 - 587652. What is the tens digit of w?
7
Let o be (14 - 25)/((-1)/3 - 0). Suppose -5*w = o - 58. Suppose -154 - 1 = -w*i. What is the units digit of i?
1
Let a(v) be the third derivative of -v**6/120 + v**5/60 + 5*v**4/12 + 17*v**3/6 + 23*v**2. Suppose -7*d + 6 = -8*d. What is the tens digit of a(d)?
0
Let q(d) = 176*d**2 - 71*d - 942. What is the thousands digit of q(-16)?
5
What is the thousands digit of ((-27027)/(-715))/(-3*(-2)/3390)?
1
Suppose 0 = 8*i - 7*i + 18. What is the units digit of i/81 - (14848/(-36))/2?
6
Suppose -362 = -11*g + 188. Suppose -3*l - 2*h = -g, -l + 2*h + 22 = -0*l. What is the tens digit of l?
1
Suppose -14951 - 77603 = -14*r. Suppose 17*g - r = 427. What is the units digit of g?
4
Suppose 9 = 37*u - 28. What is the tens digit of (u/2)/((-16)/(-24128))?
5
Let u be 365/2*196/(-35). Let k = u + 1608. What is the tens digit of k?
8
Let w = -9382 - -13913. What is the units digit of w?
1
Suppose 126*d + 2944 - 55918 - 31320 = 0. What is the tens digit of d?
6
Let j(u) = 319*u**2 + 6*u - 167. What is the hundreds digit of j(11)?
4
Let k be (309/(-7) - 1) + (-8)/(-56). Let z = 201 + k. What is the hundreds digit of z?
1
Let d = -18 - -22. Let r(a) = -a**3 + 4*a**2 + 3. Let m be r(d). Suppose 0*h + 4*h = -5*p + 393, -h = m*p - 233. What is the tens digit of p?
7
Suppose -77*k + 70*k = -14. Suppose -2*h = h - 4*a - 2127, k*a = -5*h + 3545. What is the hundreds digit of h?
7
Suppose -2*z + 5*b - 37 = 2*z, 5*z + 43 = 3*b. Let f = 20 + z. Suppose s - 81 = 2*t, f*s - 9*s - 298 = -5*t. What is the tens digit of s?
9
Suppose o = c - 24, 0 = -2*c - 0*o + 4*o + 46. What is the units digit of (c + (-9 - -2))/((-2)/(-4))?
6
Let t(z) = -196*z. Let n(u) = u - 1. Let j(q) = 2*n(q) + t(q). Let r(d) = -d**2 - 11*d - 29. Let h be r(-7). What is the units digit of j(h)?
2
Let w(b) = 299*b - 1886. What is the thousands digit of w(48)?
2
Let w be 1/5 - (-24177)/15. Let k = w + -948. What is the units digit of k?
4
Let y = -11 + 30. Suppose -y*s - 342 = -22*s. Let c = 176 - s. What is the tens digit of c?
6
Let q(l) = 3*l**3 - 20*l**2 + 8*l + 20. Let f be q(6). Let p(s) = -136*s + 15. What is the hundreds digit of p(f)?
5
Let t be 40/16*16/10. Suppose 0*o + 3*i - 13 = -t*o, 4*i = o - 8. Suppose -3*v + 48 = o*a - 16, -4*v + 3 = a. What is the tens digit of a?
1
Suppose -2*a - g = -13, 3*a + 6*g = 7*g + 17. Suppose 3*o - 5*o = -a, 0 = 3*i - 3*o - 768. What is the tens digit of i?
5
Let s = 34 - -24. Let r be ((-150)/(-35))/(-3*2/(-56)). Let q = s - r. What is the tens digit of q?
1
Let f(p) = 3*p**2 + 18*p. Let m be f(-6). Suppose m = -3*a - 5*z + 1678, -2*a + z = 4*z - 1120. What is the units digit of a?
6
Let a = 423 + -421. What is the units digit of ((-156)/(-15))/((a + 1)/180)?
4
Let u(s) = 13*s**3 - 9*s**2 + 105*s - 921. What is the tens digit of u(10)?
2
Let c(i) = -139*i - 43. Let q be c(-6). Suppose 3*w - q - 127 = 0. What is the hundreds digit of w?
3
Let m(w) = -2058*w + 104. What is the ten thousands digit of m(-7)?
1
Let o(l) = 294*l + 61. Let m(k) = 1. Let n(d) = -5*m(d) + o(d). What is the units digit of n(2)?
4
Suppose 29 = t + 35, t - 103041 = -3*p. What is the thousands digit of p?
4
Let k(m) = 87. Let l(p) = -p + 87. Let b(f) = -3*k(f) + 4*l(f). Let o = -524 + 524. What is the tens digit of b(o)?
8
Let z(g) = -g - 15. Let f be z(-14). Let c be (3 + -189)*(f + (-2 - -1)). Suppose -6*s + 4*s = -c. What is the tens digit of s?
8
Let j be (-15)/2*-6*(-2)/9. Let s be (-3)/(45/j*(-1)/(-6)). What is the tens digit of 103/(-2)*(4 - s - 2)?
0
Let h be (3 + (-51)/15)*35. Let u(q) = q**2 + 3*q - 8. Let r be u(h). Suppose -67 = -3*s + r. What is the tens digit of s?
7
Let f(s) = s**3 - 4*s**2 + 5. Let u be 12*(-4)/36*-3. Let i be f(u). Suppose -4*p = -4*a + i*a - 21, 0 = -2*a + 4*p - 6. What is the units digit of a?
5
Let q(b) = 32*b**2 + 12*b - 116. What is the thousands digit of q(21)?
4
Suppose -18*n + 107 = 3*a - 13*n, 4*a + n - 154 = 0. Suppose -280 = a*h - 41*h. What is the units digit of h?
0
Let v = 357 + -367. Let s(k) = -12*k + 136. What is the hundreds digit of s(v)?
2
Suppose 4*u = 1 + 7. Suppose 4*l - 3*y - u*y - 768 = 0, -4*l - 4*y + 768 = 0. What is the tens digit of l?
9
Let m(n) = -152*n - 896. Let q be m(-6). Let s = 17 - 9. Suppose 0 = -q*f + s*f + 2320. What is the units digit of f?
0
Let z(f) = 3*f + 6656 - f**2 + 0*f - 5978. What is the units digit of z(0)?
8
Let l(f) = f - 30. Let x be l(14). Let a = 16 + x. Suppose -26 = -5*g - 3*u + 119, a = -u - 5. What is the units digit of g?
2
Let o(m) be the first derivative of -13*m**2/2 - 15*m + 29. Let v(k) = 2*k + 9. Let q be v(-7). What is the units digit of o(q)?
0
Suppose -w = 2*n + 4*w - 6752, -5*w - 3391 = -n. Suppose -7*y + n = -0*y. What is the hundreds digit of y?
4
Let u = -207 - -214. What is the units digit of ((-108)/u)/((-102)/6783)?
6
Suppose -49*r + 48 = -25*r. Suppose -2*d - 2*d - m = -5, 5 = d + 4*m. Suppose -9 + d = -r*w. What is the units digit of w?
4
What is the units digit of 444*((-17)/(-221))/((-1)/(-13))?
4
Let b = -555 + 317. Let p = -8813 + 8812. What is the units digit of ((-6)/4 + p)/(7/b)?
5
Let j(x) = 4*x**2 + 140*x - 3331. What is the tens digit of j(37)?
2
Let r(y) = -321*y - 186. Let x(c) = -2*c + 1. Let k(f) = r(f) - 9*x(f). What is the units digit of k(-4)?
7
Let l(a) = 4*a**2 + 87*a + 1539. What is the units 